 3 = -5*l + 8*l. Let d be w(l). What is the units digit of (-303)/(-15) - d/10?
0
Let p(j) = j**2 - 3*j - 2. Let m = 1 + 2. Let d be ((-5)/m)/((-20)/72). What is the units digit of p(d)?
6
Let r = -7834 + 12452. What is the units digit of r?
8
Suppose 6*t = 631 + 2219. What is the tens digit of t?
7
Let j be (-2)/(-6) - 91/21. What is the tens digit of 126/j*(-12)/9?
4
Let a(j) = 34*j**2 - 1. Let q be a(1). Let f be 24/10 + 12/(-30). Suppose -f*v - q = -3*v. What is the units digit of v?
3
Suppose -193 - 2 = 3*q. Let i = 137 + q. What is the units digit of i?
2
Let b(n) = n**3 + 13*n**2 + 16*n + 7. Let d be b(-12). Let f = d - -42. What is the units digit of f?
1
Let h = -21 + 29. Let d be -6 + (-7)/((-28)/h). What is the units digit of 26/d*-1*10?
5
Let z be 12*((-2)/1 - -5). Let d = 67 + -64. Suppose -z = -6*j + d*j. What is the units digit of j?
2
Let o(s) = -s**2 + 5*s - 7. Let b be o(10). Let r be 4/16 + b/4. Let x = r - -36. What is the tens digit of x?
2
Suppose -1836 = 12*l + 5*l. What is the tens digit of l/(-2) + (-3)/(18/(-12))?
5
Suppose 0 = -4*o + 2*g, 0*o + 18 = -o + 5*g. Suppose o*y - 383 = -81. What is the hundreds digit of y?
1
Let m(f) = -7*f + 47. Let r be m(7). What is the units digit of (-21)/r*12/(-42)*-7?
1
Let r(o) = 23*o**2 - 7*o + 3. What is the tens digit of r(5)?
4
Let v be 2/(-5) + (-54)/(-10). Let o(s) be the first derivative of -s**4/4 + 7*s**3/3 - 7*s**2/2 + 5*s + 201. What is the tens digit of o(v)?
2
Let p be -8*(20/8 + -3). Suppose p*m = 2*m + 10, 0 = 4*g - 4*m + 48. What is the units digit of (6/g)/((-21)/98)?
4
Let o = 35 + 63. What is the units digit of o?
8
Suppose p = -5*d + 619, 0 = 3*p + 3*d + 507 - 2388. What is the hundreds digit of p?
6
Let n(s) = s**2 + 6*s + 2. Let b be n(-6). Suppose -4*d - 36 = -4*w, w - 7 = -b*d - 25. Let q = d - -12. What is the units digit of q?
3
Suppose 2*r - 2393 = -x, 4*x - 2*x - 5*r - 4768 = 0. What is the thousands digit of x?
2
Suppose i - 6*i = 20. Let b = 1 + -23. Let u = i - b. What is the units digit of u?
8
Suppose 99*v - 68*v - 115072 = 0. What is the thousands digit of v?
3
Suppose 12*g = 11*g + 2. Suppose -r - g*r = -6. Suppose r*j + 5 = 41. What is the tens digit of j?
1
Suppose 0 = -78*h + 79*h - 4. Suppose 0 = h*i - 179 + 11. What is the units digit of i?
2
Suppose -d + 8*i = 4*i - 10, 2*d - 2*i = 8. Suppose 0*p + d = -p. What is the units digit of -2*p/4 + 32?
3
What is the hundreds digit of (-9)/(-27)*(673 + -1)?
2
Let s(b) be the first derivative of -b**3/3 + 3*b**2 + 4*b + 5. Let l be s(6). Suppose 2*m + 2*a - 23 = m, 0 = -l*m - a + 127. What is the units digit of m?
3
Let l(q) = -19*q**2 + 2*q - 3. Let j be l(2). Let r be (-8162)/15 - 10/j. What is the tens digit of (1/4)/((-8)/r)?
1
Suppose 2*b + 3*j - 14 = 0, 4*b - 3*j - 10 = -0*b. Suppose -3*c - 55 = -b*c - 3*f, 3*c - 213 = 3*f. What is the units digit of c?
7
Suppose 3*a + 0 - 9 = 0. Suppose 2*i = -a*k + 496, -i = 4*k - 518 - 140. What is the units digit of k?
4
Suppose -2*c + 3*x = -c - 2, -21 = -5*c + 4*x. Suppose l + 4*f - 2*f - 56 = 0, c*l + f = 289. What is the tens digit of l?
5
Let c = 10 + -6. Suppose 0 = 3*n + 3, -4*l + 7*l + 2*n = c. What is the units digit of l/(-10) + (-243)/(-15)?
6
Let m = 20 - 16. Suppose m = 3*t - 5. Suppose t*p - 2*p - 53 = 0. What is the units digit of p?
3
Let f(o) = o**2 + 21*o + 11. Let x be f(-21). Suppose 842 + 1094 = x*m. What is the hundreds digit of m?
1
Let y(o) = 171*o**2 - 13*o. What is the hundreds digit of y(3)?
5
Suppose 12*x = 14*x - 16. Suppose -16 = 2*g + 4*q, -4*g + 4*q - x = 24. Let y = g - -9. What is the units digit of y?
1
Let j be -1 + 0 - (-30)/3. Let y(n) = 0 - 4 + j*n + 2 - 2 - n**2. What is the units digit of y(6)?
4
Suppose 3*j + 12 = 0, -5*j - 1669 = -3*a + 745. What is the tens digit of a?
9
Let b(x) = -48*x**3 + 3*x**2 - 10*x - 7. What is the hundreds digit of b(-3)?
3
Suppose -3*l + 5 + 7 = 0. Let x(b) = -b - 9. Let r be x(7). What is the tens digit of ((-92)/r)/(1/l)?
2
Suppose -2*r - 3*f + f + 2924 = 0, -6 = 3*f. What is the units digit of r/27 + (-6)/27?
4
Suppose 35 - 305 = -v. Suppose 3*y - v = -0*y. What is the units digit of y?
0
Let h = 30 - -12. Let c = h + 32. What is the units digit of c?
4
What is the units digit of 18/2 - (-12 - 1254)?
5
Let m(n) = -n**2 - 3*n - 1. Let t be m(-3). What is the units digit of (t - (-156)/4)*2?
6
Suppose -15*h - 18135 = -30*h. What is the thousands digit of h?
1
Suppose v = 4*v - 18. Let u be (-3 + 0)*(-2)/v. Suppose -3*g + u = -2. What is the units digit of g?
1
Suppose 0*g + 18 = 9*g. Suppose -g*m + 220 = 2*m. What is the tens digit of m?
5
Let c = 809 - 117. What is the units digit of c?
2
Let n(j) be the third derivative of j**4/12 - 5*j**3/6 + j**2. Let s be n(6). Let m = 3 + s. What is the units digit of m?
0
Let a be 3*(-268)/(-12)*5. Suppose 8*w = 3*w + a. Suppose 3*i = w + 8. What is the units digit of i?
5
Let d(q) = q**3 - 11*q**2 + 2*q - 25. Let t be d(11). What is the tens digit of 4/((-4)/t)*348/18?
5
Suppose 0 = 51*d - 16280 - 12382. What is the hundreds digit of d?
5
Let k = 1372 + -629. What is the hundreds digit of k?
7
Suppose -83 = 2*r + 109. Let n = 27 - r. Suppose 0 = 5*c - n - 87. What is the units digit of c?
2
Let j = -815 + 1763. What is the hundreds digit of j?
9
Let k be (2 + -5)/(6/(-10)). Let s = k + 1. What is the units digit of (-7 + s/(-3))*-1?
9
Let o = -1133 + 2210. What is the units digit of o?
7
Suppose -4*f - 6354 = -k - 7*f, -2*f = 5*k - 31705. What is the units digit of k?
9
Let t be (16/6)/((-10)/(-15)). Let h be (-50)/(12/t - 4). Suppose -3*s + h = -37. What is the units digit of s?
9
Suppose 3*u = 5*v - 2954, 5*u + 582 = 21*v - 20*v. What is the tens digit of v?
9
What is the hundreds digit of (-2)/5 + 6 + (-35382)/(-30)?
1
What is the tens digit of ((-248)/56 + 3)/(2/(-1498))?
7
What is the units digit of (16/10)/((-141)/(-135) - 1)?
6
Suppose 5*s - 40 - 480 = 0. Suppose 5*i - 3*x - s = -0*i, i - 22 = x. What is the units digit of i?
9
Let v = -264 + 1056. What is the units digit of v?
2
What is the thousands digit of 48/(-264) + 36599/11?
3
Let k(j) = j**2 + 6*j + 5. Let b be k(-6). Let y(f) = f**3 - 3*f**2 - 8*f - 2. Let w be y(b). What is the tens digit of (272/10)/(w/20)?
6
Let g = -14 - -13. Let s be 1 - (-2)/g - -3. Suppose 24 = s*l - 8. What is the units digit of l?
6
Suppose -2*d = -44 - 4. Let o = d + -17. What is the units digit of o?
7
Let t be (80/(-28))/(2/(-7)). Let u = t + -8. What is the units digit of u?
2
Let v = 189 + -320. Let g = 282 + v. What is the hundreds digit of g?
1
Let d = -1886 - -3618. What is the hundreds digit of d?
7
Suppose -2*u - 1 = 21. Let a(z) = -110*z - 16. Let j(y) = 22*y + 3. Let o(i) = u*j(i) - 2*a(i). What is the tens digit of o(-1)?
2
Suppose 0 = -3*s + 8*s - 20. Let u be ((-2)/s)/(2/(-24)). What is the units digit of ((-174)/18)/((-2)/u)?
9
Let u(z) = -1851*z**3 + 4*z**2 + 9*z + 3. What is the units digit of u(-1)?
9
Suppose 9*d = 11*d - 5*i - 3753, 3*i = -5*d + 9305. What is the hundreds digit of d?
8
Suppose 2*s + 265 + 675 = 2*f, 0 = -5*f - 2*s + 2378. Suppose 3*m = -3*a + 357, -2*m = -6*m - 5*a + f. What is the tens digit of m?
2
What is the hundreds digit of (-481688)/(-285) - (6/(-45))/(-1)?
6
Suppose -22 + 18 = -g. Suppose 4*v = -5*f + 123, -g*f = -0*v - v + 57. What is the units digit of v?
7
Suppose -295 + 2651 = 2*u. What is the hundreds digit of u?
1
Let n(y) = 9*y - 7. Let k be n(0). Let x = k + 255. What is the units digit of x?
8
Suppose -i + 6 = 2*k - 0, 48 = 5*i + k. Let h = -4 + 17. Let d = h - i. What is the units digit of d?
3
What is the units digit of (-11803)/(-296) - (0 + 1/(-8))?
0
Suppose 3*y + 3*d = -186, 186 = -3*y - 11*d + 6*d. Let l = 109 + y. What is the tens digit of l?
4
What is the units digit of 1570 + -3*(-10)/(-30)?
9
Let g(d) be the third derivative of -5*d**4/24 - d**3/3 - 5*d**2. What is the tens digit of g(-9)?
4
What is the tens digit of ((-8)/(-16))/((21/(-468))/(-7))?
7
Let c = 861 + -543. What is the units digit of c?
8
Let f = -58 - -63. What is the tens digit of 58 - (4/14 - f/(-7))?
5
Let f(z) = -18*z. Let r(j) = j. Let l(x) = 3*f(x) + 48*r(x). Let o be 1 + 3*(-1 + 0). What is the tens digit of l(o)?
1
Suppose -4*d = 3*t + 10, 8 = -5*t - 0*t + 2*d. Le